{"id":2515,"date":"2024-01-09T11:11:53","date_gmt":"2024-01-09T11:11:53","guid":{"rendered":"https:\/\/dwb-solutions.com\/GRC\/?page_id=2515"},"modified":"2024-02-19T14:08:54","modified_gmt":"2024-02-19T14:08:54","slug":"qui-sommes-nous","status":"publish","type":"page","link":"https:\/\/www.grandraid-cathares.fr\/index.php\/qui-sommes-nous\/","title":{"rendered":"QUI-SOMMES-NOUS ?"},"content":{"rendered":"\t\t<div data-elementor-type=\"wp-page\" data-elementor-id=\"2515\" class=\"elementor elementor-2515\" data-elementor-post-type=\"page\">\n\t\t\t\t\t\t<section class=\"elementor-section elementor-top-section elementor-element elementor-element-4c3b05b elementor-section-height-min-height elementor-section-items-bottom elementor-section-boxed elementor-section-height-default\" data-id=\"4c3b05b\" data-element_type=\"section\" data-e-type=\"section\" data-settings=\"{&quot;background_background&quot;:&quot;classic&quot;}\">\n\t\t\t\t\t\t<div class=\"elementor-container elementor-column-gap-default\">\n\t\t\t\t\t<div class=\"elementor-column elementor-col-100 elementor-top-column elementor-element elementor-element-11e5862\" data-id=\"11e5862\" data-element_type=\"column\" data-e-type=\"column\">\n\t\t\t<div class=\"elementor-widget-wrap\">\n\t\t\t\t\t\t\t<\/div>\n\t\t<\/div>\n\t\t\t\t\t<\/div>\n\t\t<\/section>\n\t\t<div class=\"elementor-element elementor-element-caf1b7d e-flex e-con-boxed e-con e-parent\" data-id=\"caf1b7d\" data-element_type=\"container\" data-e-type=\"container\">\n\t\t\t\t\t<div class=\"e-con-inner\">\n\t\t\t\t<div class=\"elementor-element elementor-element-9fcb96e elementor-widget elementor-widget-heading\" data-id=\"9fcb96e\" data-element_type=\"widget\" data-e-type=\"widget\" data-widget_type=\"heading.default\">\n\t\t\t\t<div class=\"elementor-widget-container\">\n\t\t\t\t\t<h2 class=\"elementor-heading-title elementor-size-default\">Qui sommes-nous ?<\/h2>\t\t\t\t<\/div>\n\t\t\t\t<\/div>\n\t\t\t\t<div class=\"elementor-element elementor-element-15019b1 elementor-widget elementor-widget-text-editor\" data-id=\"15019b1\" data-element_type=\"widget\" data-e-type=\"widget\" data-widget_type=\"text-editor.default\">\n\t\t\t\t<div class=\"elementor-widget-container\">\n\t\t\t\t\t\t\t\t\t<p>C&#8217;est la rencontre improbable d&#8217;une bande de coureurs passionn\u00e9s du Sud-Ouest, avec un groupe amoureux du territoire audois et des l\u00e9gendes cathares, qui a permis de r\u00eaver \u00e0 ce projet fou !<\/p><p>Nos objectifs communs de valorisation du patrimoine naturel (faune, flore&#8230;) et historique (ch\u00e2teaux, grottes&#8230;), ainsi que\u00a0la passion des l\u00e9gendes cathares\u00a0\u00e0 travers la pratique d&#8217;une discipline ancestrale qu&#8217;est la course de longue distance,\u00a0ont rendu cette odyss\u00e9e possible. Tout cela sans oublier le respect de certaines\u00a0valeurs\u00a0sportives :\u00a0<\/p><p>&#8211; garder sa dignit\u00e9, la ma\u00eetrise de soi,<\/p><p>&#8211; respecter les partenaires,<\/p><p>&#8211; rester loyal et solidaire.<\/p><p>Le m\u00e9lange, devenu homog\u00e8ne, de traileurs et de passionn\u00e9s qui, avec leur temps, leurs tripes, leur c\u0153ur, se lancent\u00a0dans ce pari &#8220;Aud&#8217; \u00e0 Cieux&#8221; d&#8217;organiser\u00a0un Grand Raid depuis\u00a0la ville de Carcassonne \u00e0 travers le PAYS CATHARE.<\/p><p>L&#8217;association met au coeur de cet \u00e9v\u00e9nement des valeurs humaines comme la convivialit\u00e9, la solidarit\u00e9 et l&#8217;amiti\u00e9.\u00a0Elle organise cet\u00a0\u00e9v\u00e9nement\u00a0dans l&#8217;esprit :<\/p>\t\t\t\t\t\t\t\t<\/div>\n\t\t\t\t<\/div>\n\t\t\t\t<div class=\"elementor-element elementor-element-eca1cd5 elementor-widget elementor-widget-heading\" data-id=\"eca1cd5\" data-element_type=\"widget\" data-e-type=\"widget\" data-widget_type=\"heading.default\">\n\t\t\t\t<div class=\"elementor-widget-container\">\n\t\t\t\t\t<h3 class=\"elementor-heading-title elementor-size-default\">Sportif  par :<\/h3>\t\t\t\t<\/div>\n\t\t\t\t<\/div>\n\t\t\t\t<div class=\"elementor-element elementor-element-6d64f78 elementor-widget elementor-widget-text-editor\" data-id=\"6d64f78\" data-element_type=\"widget\" data-e-type=\"widget\" data-widget_type=\"text-editor.default\">\n\t\t\t\t<div class=\"elementor-widget-container\">\n\t\t\t\t\t\t\t\t\t<p>Un d\u00e9part et une arriv\u00e9e dans la plus belle cit\u00e9 m\u00e9di\u00e9vale de France, inscrite au patrimoine mondiale de l\u2019UNESCO.\u00a0Une discipline qu\u2019est la course longue \u00e0 travers les contr\u00e9es sauvages.\u00a0<\/p><p>&#8211; Nous vous proposons 6 parcours : 161 km, 101km, 65 km, 40 km, 25 km et 12 km, sur les traces des l\u00e9gendes cathares. Ces valeurs sportives s&#8217;ajoutent au respect de chacun envers l&#8217;autre.<\/p><p>&#8211; La possibilit\u00e9 de courir en solo ou en duo (type raid) afin de cr\u00e9er de l&#8217;entraide.<\/p>\t\t\t\t\t\t\t\t<\/div>\n\t\t\t\t<\/div>\n\t\t\t\t<div class=\"elementor-element elementor-element-80a5244 elementor-widget elementor-widget-heading\" data-id=\"80a5244\" data-element_type=\"widget\" data-e-type=\"widget\" data-widget_type=\"heading.default\">\n\t\t\t\t<div class=\"elementor-widget-container\">\n\t\t\t\t\t<h3 class=\"elementor-heading-title elementor-size-default\">Historique et  touristique par :<\/h3>\t\t\t\t<\/div>\n\t\t\t\t<\/div>\n\t\t\t\t<div class=\"elementor-element elementor-element-ce88bd0 elementor-widget elementor-widget-text-editor\" data-id=\"ce88bd0\" data-element_type=\"widget\" data-e-type=\"widget\" data-widget_type=\"text-editor.default\">\n\t\t\t\t<div class=\"elementor-widget-container\">\n\t\t\t\t\t\t\t\t\t<p>&#8211; La valorisation du patrimoine audois \u00e0 travers un parcours permettant de visiter des points\u00a0embl\u00e9matiques du d\u00e9partement.<\/p><p>&#8211; La possibilit\u00e9 aux accompagnants, au long de ces 3 jours, de profiter de la cit\u00e9 de Carcassonne, des villages\u00a0alentours, et des sites touristiques du pays cathare.<\/p>\t\t\t\t\t\t\t\t<\/div>\n\t\t\t\t<\/div>\n\t\t\t\t<div class=\"elementor-element elementor-element-ccc60ac elementor-widget elementor-widget-heading\" data-id=\"ccc60ac\" data-element_type=\"widget\" data-e-type=\"widget\" data-widget_type=\"heading.default\">\n\t\t\t\t<div class=\"elementor-widget-container\">\n\t\t\t\t\t<h3 class=\"elementor-heading-title elementor-size-default\">Reconnaissant par : <\/h3>\t\t\t\t<\/div>\n\t\t\t\t<\/div>\n\t\t\t\t<div class=\"elementor-element elementor-element-5fc0c52 elementor-widget elementor-widget-text-editor\" data-id=\"5fc0c52\" data-element_type=\"widget\" data-e-type=\"widget\" data-widget_type=\"text-editor.default\">\n\t\t\t\t<div class=\"elementor-widget-container\">\n\t\t\t\t\t\t\t\t\t<p>&#8211; La red\u00e9couverte des sentiers perdus des for\u00eats sauvages des Corbi\u00e8res, de certains chemins oubli\u00e9s&#8230; dans le respect \u00e9cologique.<\/p>\t\t\t\t\t\t\t\t<\/div>\n\t\t\t\t<\/div>\n\t\t\t\t<div class=\"elementor-element elementor-element-ae850f0 elementor-widget elementor-widget-heading\" data-id=\"ae850f0\" data-element_type=\"widget\" data-e-type=\"widget\" data-widget_type=\"heading.default\">\n\t\t\t\t<div class=\"elementor-widget-container\">\n\t\t\t\t\t<h3 class=\"elementor-heading-title elementor-size-default\">Eco-responsable par : <\/h3>\t\t\t\t<\/div>\n\t\t\t\t<\/div>\n\t\t\t\t<div class=\"elementor-element elementor-element-6d97851 elementor-widget elementor-widget-text-editor\" data-id=\"6d97851\" data-element_type=\"widget\" data-e-type=\"widget\" data-widget_type=\"text-editor.default\">\n\t\t\t\t<div class=\"elementor-widget-container\">\n\t\t\t\t\t\t\t\t\t<p>&#8211; Une pens\u00e9e particuli\u00e8re pour tous les b\u00e9n\u00e9voles qui oeuvrent et oeuvreront afin que chaque \u00e9dition soit une r\u00e9ussite humaine, sportive et divertissante.<\/p><p>&#8211; Un remerciement \u00e0 tous els partenaires, les institutionnels, les mairies&#8230; qui nous aident et nous soutiennent.<\/p>\t\t\t\t\t\t\t\t<\/div>\n\t\t\t\t<\/div>\n\t\t\t\t<div class=\"elementor-element elementor-element-8d5658e elementor-widget elementor-widget-heading\" data-id=\"8d5658e\" data-element_type=\"widget\" data-e-type=\"widget\" data-widget_type=\"heading.default\">\n\t\t\t\t<div class=\"elementor-widget-container\">\n\t\t\t\t\t<h3 class=\"elementor-heading-title elementor-size-default\">ENFIN MERCI \u00c0 TOUS LES PARTICIPANTS !<\/h3>\t\t\t\t<\/div>\n\t\t\t\t<\/div>\n\t\t\t\t\t<\/div>\n\t\t\t\t<\/div>\n\t\t<div class=\"elementor-element elementor-element-782b371 e-flex e-con-boxed e-con e-parent\" data-id=\"782b371\" data-element_type=\"container\" data-e-type=\"container\">\n\t\t\t\t\t<div class=\"e-con-inner\">\n\t\t\t\t<div class=\"elementor-element elementor-element-5a23772 elementor-arrows-position-inside elementor-pagination-position-outside elementor-widget elementor-widget-image-carousel\" data-id=\"5a23772\" data-element_type=\"widget\" data-e-type=\"widget\" data-settings=\"{&quot;slides_to_show&quot;:&quot;3&quot;,&quot;navigation&quot;:&quot;both&quot;,&quot;autoplay&quot;:&quot;yes&quot;,&quot;pause_on_hover&quot;:&quot;yes&quot;,&quot;pause_on_interaction&quot;:&quot;yes&quot;,&quot;autoplay_speed&quot;:5000,&quot;infinite&quot;:&quot;yes&quot;,&quot;speed&quot;:500}\" data-widget_type=\"image-carousel.default\">\n\t\t\t\t<div class=\"elementor-widget-container\">\n\t\t\t\t\t\t\t<div class=\"elementor-image-carousel-wrapper swiper\" role=\"region\" aria-roledescription=\"carousel\" aria-label=\"Carrousel d\u2019images\" dir=\"ltr\">\n\t\t\t<div class=\"elementor-image-carousel swiper-wrapper swiper-image-stretch\" aria-live=\"off\">\n\t\t\t\t\t\t\t\t<div class=\"swiper-slide\" role=\"group\" aria-roledescription=\"slide\" aria-label=\"1 sur 10\"><figure class=\"swiper-slide-inner\"><img decoding=\"async\" class=\"swiper-slide-image\" src=\"https:\/\/www.grandraid-cathares.fr\/wp-content\/uploads\/2024\/02\/MG_3773-scaled.jpg\" alt=\"_MG_3773\" \/><\/figure><\/div><div class=\"swiper-slide\" role=\"group\" aria-roledescription=\"slide\" aria-label=\"2 sur 10\"><figure class=\"swiper-slide-inner\"><img decoding=\"async\" class=\"swiper-slide-image\" src=\"https:\/\/www.grandraid-cathares.fr\/wp-content\/uploads\/2024\/02\/MG_3797-scaled.jpg\" alt=\"_MG_3797\" \/><\/figure><\/div><div class=\"swiper-slide\" role=\"group\" aria-roledescription=\"slide\" aria-label=\"3 sur 10\"><figure class=\"swiper-slide-inner\"><img decoding=\"async\" class=\"swiper-slide-image\" src=\"https:\/\/www.grandraid-cathares.fr\/wp-content\/uploads\/2024\/02\/MG_3800-scaled.jpg\" alt=\"_MG_3800\" \/><\/figure><\/div><div class=\"swiper-slide\" role=\"group\" aria-roledescription=\"slide\" aria-label=\"4 sur 10\"><figure class=\"swiper-slide-inner\"><img decoding=\"async\" class=\"swiper-slide-image\" src=\"https:\/\/www.grandraid-cathares.fr\/wp-content\/uploads\/2024\/02\/13-10-2016_17h30m23s_CRI1640_FINAL-scaled.jpg\" alt=\"_13-10-2016_17h30m23s_CRI1640_FINAL\" \/><\/figure><\/div><div class=\"swiper-slide\" role=\"group\" aria-roledescription=\"slide\" aria-label=\"5 sur 10\"><figure class=\"swiper-slide-inner\"><img decoding=\"async\" class=\"swiper-slide-image\" src=\"https:\/\/www.grandraid-cathares.fr\/wp-content\/uploads\/2024\/02\/13-10-2016_17h22m11s_CRI1609_FINAL-scaled.jpg\" alt=\"_13-10-2016_17h22m11s_CRI1609_FINAL\" \/><\/figure><\/div><div class=\"swiper-slide\" role=\"group\" aria-roledescription=\"slide\" aria-label=\"6 sur 10\"><figure class=\"swiper-slide-inner\"><img decoding=\"async\" class=\"swiper-slide-image\" src=\"https:\/\/www.grandraid-cathares.fr\/wp-content\/uploads\/2024\/02\/MG_3485-scaled.jpg\" alt=\"_MG_3485\" \/><\/figure><\/div><div class=\"swiper-slide\" role=\"group\" aria-roledescription=\"slide\" aria-label=\"7 sur 10\"><figure class=\"swiper-slide-inner\"><img decoding=\"async\" class=\"swiper-slide-image\" src=\"https:\/\/www.grandraid-cathares.fr\/wp-content\/uploads\/2024\/01\/2023_1028_03543700-scaled.webp\" alt=\"2023_1028_03543700\" \/><\/figure><\/div><div class=\"swiper-slide\" role=\"group\" aria-roledescription=\"slide\" aria-label=\"8 sur 10\"><figure class=\"swiper-slide-inner\"><img decoding=\"async\" class=\"swiper-slide-image\" src=\"https:\/\/www.grandraid-cathares.fr\/wp-content\/uploads\/2024\/01\/WhatsApp-Image-2022-10-28-at-3.45.37-PM.webp\" alt=\"WhatsApp Image 2022-10-28 at 3.45.37 PM\" \/><\/figure><\/div><div class=\"swiper-slide\" role=\"group\" aria-roledescription=\"slide\" aria-label=\"9 sur 10\"><figure class=\"swiper-slide-inner\"><img decoding=\"async\" class=\"swiper-slide-image\" src=\"https:\/\/www.grandraid-cathares.fr\/wp-content\/uploads\/2024\/01\/DSCF4460.jpg\" alt=\"DSCF4460\" \/><\/figure><\/div><div class=\"swiper-slide\" role=\"group\" aria-roledescription=\"slide\" aria-label=\"10 sur 10\"><figure class=\"swiper-slide-inner\"><img decoding=\"async\" class=\"swiper-slide-image\" src=\"https:\/\/www.grandraid-cathares.fr\/wp-content\/uploads\/2024\/01\/WhatsApp-Image-2022-10-28-at-3.49.32-AM.jpeg\" alt=\"WhatsApp Image 2022-10-28 at 3.49.32 AM\" \/><\/figure><\/div>\t\t\t<\/div>\n\t\t\t\t\t\t\t\t\t\t\t\t<div class=\"elementor-swiper-button elementor-swiper-button-prev\" role=\"button\" tabindex=\"0\">\n\t\t\t\t\t\t<i aria-hidden=\"true\" class=\"eicon-chevron-left\"><\/i>\t\t\t\t\t<\/div>\n\t\t\t\t\t<div class=\"elementor-swiper-button elementor-swiper-button-next\" role=\"button\" tabindex=\"0\">\n\t\t\t\t\t\t<i aria-hidden=\"true\" class=\"eicon-chevron-right\"><\/i>\t\t\t\t\t<\/div>\n\t\t\t\t\n\t\t\t\t\t\t\t\t\t<div class=\"swiper-pagination\"><\/div>\n\t\t\t\t\t\t\t\t\t<\/div>\n\t\t\t\t\t\t<\/div>\n\t\t\t\t<\/div>\n\t\t\t\t\t<\/div>\n\t\t\t\t<\/div>\n\t\t\t\t<\/div>\n\t\t","protected":false},"excerpt":{"rendered":"<p>Qui sommes-nous ? C&#8217;est la rencontre improbable d&#8217;une bande de coureurs passionn\u00e9s du Sud-Ouest, avec un groupe amoureux du territoire audois et des l\u00e9gendes cathares, qui a permis de r\u00eaver \u00e0 ce projet fou ! Nos objectifs communs de valorisation du patrimoine naturel (faune, flore&#8230;) et historique (ch\u00e2teaux, grottes&#8230;), ainsi que\u00a0la passion des l\u00e9gendes cathares\u00a0\u00e0 [&hellip;]<\/p>\n","protected":false},"author":2,"featured_media":0,"parent":0,"menu_order":0,"comment_status":"closed","ping_status":"closed","template":"","meta":{"footnotes":""},"class_list":["post-2515","page","type-page","status-publish","hentry"],"yoast_head":"<!-- This site is optimized with the Yoast SEO plugin v27.4 - https:\/\/yoast.com\/product\/yoast-seo-wordpress\/ -->\n<title>QUI-SOMMES-NOUS ? - Grand Raid des Cathares<\/title>\n<meta name=\"description\" content=\"Qui sommes-nous ? Passionn\u00e9s de course \u00e0 pied et de la culture des pays Cathares, nous avons voulus cr\u00e9er un \u00e9v\u00e9nement unique.\" \/>\n<meta name=\"robots\" content=\"index, follow, max-snippet:-1, max-image-preview:large, max-video-preview:-1\" \/>\n<link rel=\"canonical\" href=\"https:\/\/www.grandraid-cathares.fr\/index.php\/qui-sommes-nous\/\" \/>\n<meta property=\"og:locale\" content=\"fr_FR\" \/>\n<meta property=\"og:type\" content=\"article\" \/>\n<meta property=\"og:title\" content=\"QUI-SOMMES-NOUS ? - Grand Raid des Cathares\" \/>\n<meta property=\"og:description\" content=\"Qui sommes-nous ? Passionn\u00e9s de course \u00e0 pied et de la culture des pays Cathares, nous avons voulus cr\u00e9er un \u00e9v\u00e9nement unique.\" \/>\n<meta property=\"og:url\" content=\"https:\/\/www.grandraid-cathares.fr\/index.php\/qui-sommes-nous\/\" \/>\n<meta property=\"og:site_name\" content=\"Grand Raid des Cathares\" \/>\n<meta property=\"article:modified_time\" content=\"2024-02-19T14:08:54+00:00\" \/>\n<meta property=\"og:image\" content=\"https:\/\/dwb-solutions.com\/GRC\/wp-content\/uploads\/2024\/02\/MG_3773-scaled.jpg\" \/>\n<meta name=\"twitter:card\" content=\"summary_large_image\" \/>\n<meta name=\"twitter:label1\" content=\"Dur\u00e9e de lecture estim\u00e9e\" \/>\n\t<meta name=\"twitter:data1\" content=\"4 minutes\" \/>\n<script type=\"application\/ld+json\" class=\"yoast-schema-graph\">{\"@context\":\"https:\\\/\\\/schema.org\",\"@graph\":[{\"@type\":\"WebPage\",\"@id\":\"https:\\\/\\\/www.grandraid-cathares.fr\\\/index.php\\\/qui-sommes-nous\\\/\",\"url\":\"https:\\\/\\\/www.grandraid-cathares.fr\\\/index.php\\\/qui-sommes-nous\\\/\",\"name\":\"QUI-SOMMES-NOUS ? - Grand Raid des Cathares\",\"isPartOf\":{\"@id\":\"https:\\\/\\\/www.grandraid-cathares.fr\\\/#website\"},\"primaryImageOfPage\":{\"@id\":\"https:\\\/\\\/www.grandraid-cathares.fr\\\/index.php\\\/qui-sommes-nous\\\/#primaryimage\"},\"image\":{\"@id\":\"https:\\\/\\\/www.grandraid-cathares.fr\\\/index.php\\\/qui-sommes-nous\\\/#primaryimage\"},\"thumbnailUrl\":\"https:\\\/\\\/dwb-solutions.com\\\/GRC\\\/wp-content\\\/uploads\\\/2024\\\/02\\\/MG_3773-scaled.jpg\",\"datePublished\":\"2024-01-09T11:11:53+00:00\",\"dateModified\":\"2024-02-19T14:08:54+00:00\",\"description\":\"Qui sommes-nous ? Passionn\u00e9s de course \u00e0 pied et de la culture des pays Cathares, nous avons voulus cr\u00e9er un \u00e9v\u00e9nement unique.\",\"breadcrumb\":{\"@id\":\"https:\\\/\\\/www.grandraid-cathares.fr\\\/index.php\\\/qui-sommes-nous\\\/#breadcrumb\"},\"inLanguage\":\"fr-FR\",\"potentialAction\":[{\"@type\":\"ReadAction\",\"target\":[\"https:\\\/\\\/www.grandraid-cathares.fr\\\/index.php\\\/qui-sommes-nous\\\/\"]}]},{\"@type\":\"ImageObject\",\"inLanguage\":\"fr-FR\",\"@id\":\"https:\\\/\\\/www.grandraid-cathares.fr\\\/index.php\\\/qui-sommes-nous\\\/#primaryimage\",\"url\":\"https:\\\/\\\/dwb-solutions.com\\\/GRC\\\/wp-content\\\/uploads\\\/2024\\\/02\\\/MG_3773-scaled.jpg\",\"contentUrl\":\"https:\\\/\\\/dwb-solutions.com\\\/GRC\\\/wp-content\\\/uploads\\\/2024\\\/02\\\/MG_3773-scaled.jpg\"},{\"@type\":\"BreadcrumbList\",\"@id\":\"https:\\\/\\\/www.grandraid-cathares.fr\\\/index.php\\\/qui-sommes-nous\\\/#breadcrumb\",\"itemListElement\":[{\"@type\":\"ListItem\",\"position\":1,\"name\":\"Accueil\",\"item\":\"https:\\\/\\\/www.grandraid-cathares.fr\\\/\"},{\"@type\":\"ListItem\",\"position\":2,\"name\":\"QUI-SOMMES-NOUS ?\"}]},{\"@type\":\"WebSite\",\"@id\":\"https:\\\/\\\/www.grandraid-cathares.fr\\\/#website\",\"url\":\"https:\\\/\\\/www.grandraid-cathares.fr\\\/\",\"name\":\"Grand Raid des Cathares\",\"description\":\"\",\"publisher\":{\"@id\":\"https:\\\/\\\/www.grandraid-cathares.fr\\\/#organization\"},\"potentialAction\":[{\"@type\":\"SearchAction\",\"target\":{\"@type\":\"EntryPoint\",\"urlTemplate\":\"https:\\\/\\\/www.grandraid-cathares.fr\\\/?s={search_term_string}\"},\"query-input\":{\"@type\":\"PropertyValueSpecification\",\"valueRequired\":true,\"valueName\":\"search_term_string\"}}],\"inLanguage\":\"fr-FR\"},{\"@type\":\"Organization\",\"@id\":\"https:\\\/\\\/www.grandraid-cathares.fr\\\/#organization\",\"name\":\"Grand Raid des Cathares\",\"url\":\"https:\\\/\\\/www.grandraid-cathares.fr\\\/\",\"logo\":{\"@type\":\"ImageObject\",\"inLanguage\":\"fr-FR\",\"@id\":\"https:\\\/\\\/www.grandraid-cathares.fr\\\/#\\\/schema\\\/logo\\\/image\\\/\",\"url\":\"https:\\\/\\\/www.grandraid-cathares.fr\\\/wp-content\\\/uploads\\\/2022\\\/12\\\/LOGO-GRC-noire-pour-site-.png\",\"contentUrl\":\"https:\\\/\\\/www.grandraid-cathares.fr\\\/wp-content\\\/uploads\\\/2022\\\/12\\\/LOGO-GRC-noire-pour-site-.png\",\"width\":152,\"height\":150,\"caption\":\"Grand Raid des Cathares\"},\"image\":{\"@id\":\"https:\\\/\\\/www.grandraid-cathares.fr\\\/#\\\/schema\\\/logo\\\/image\\\/\"}}]}<\/script>\n<!-- \/ Yoast SEO plugin. -->","yoast_head_json":{"title":"QUI-SOMMES-NOUS ? - Grand Raid des Cathares","description":"Qui sommes-nous ? Passionn\u00e9s de course \u00e0 pied et de la culture des pays Cathares, nous avons voulus cr\u00e9er un \u00e9v\u00e9nement unique.","robots":{"index":"index","follow":"follow","max-snippet":"max-snippet:-1","max-image-preview":"max-image-preview:large","max-video-preview":"max-video-preview:-1"},"canonical":"https:\/\/www.grandraid-cathares.fr\/index.php\/qui-sommes-nous\/","og_locale":"fr_FR","og_type":"article","og_title":"QUI-SOMMES-NOUS ? - Grand Raid des Cathares","og_description":"Qui sommes-nous ? Passionn\u00e9s de course \u00e0 pied et de la culture des pays Cathares, nous avons voulus cr\u00e9er un \u00e9v\u00e9nement unique.","og_url":"https:\/\/www.grandraid-cathares.fr\/index.php\/qui-sommes-nous\/","og_site_name":"Grand Raid des Cathares","article_modified_time":"2024-02-19T14:08:54+00:00","og_image":[{"url":"https:\/\/dwb-solutions.com\/GRC\/wp-content\/uploads\/2024\/02\/MG_3773-scaled.jpg","type":"","width":"","height":""}],"twitter_card":"summary_large_image","twitter_misc":{"Dur\u00e9e de lecture estim\u00e9e":"4 minutes"},"schema":{"@context":"https:\/\/schema.org","@graph":[{"@type":"WebPage","@id":"https:\/\/www.grandraid-cathares.fr\/index.php\/qui-sommes-nous\/","url":"https:\/\/www.grandraid-cathares.fr\/index.php\/qui-sommes-nous\/","name":"QUI-SOMMES-NOUS ? - Grand Raid des Cathares","isPartOf":{"@id":"https:\/\/www.grandraid-cathares.fr\/#website"},"primaryImageOfPage":{"@id":"https:\/\/www.grandraid-cathares.fr\/index.php\/qui-sommes-nous\/#primaryimage"},"image":{"@id":"https:\/\/www.grandraid-cathares.fr\/index.php\/qui-sommes-nous\/#primaryimage"},"thumbnailUrl":"https:\/\/dwb-solutions.com\/GRC\/wp-content\/uploads\/2024\/02\/MG_3773-scaled.jpg","datePublished":"2024-01-09T11:11:53+00:00","dateModified":"2024-02-19T14:08:54+00:00","description":"Qui sommes-nous ? Passionn\u00e9s de course \u00e0 pied et de la culture des pays Cathares, nous avons voulus cr\u00e9er un \u00e9v\u00e9nement unique.","breadcrumb":{"@id":"https:\/\/www.grandraid-cathares.fr\/index.php\/qui-sommes-nous\/#breadcrumb"},"inLanguage":"fr-FR","potentialAction":[{"@type":"ReadAction","target":["https:\/\/www.grandraid-cathares.fr\/index.php\/qui-sommes-nous\/"]}]},{"@type":"ImageObject","inLanguage":"fr-FR","@id":"https:\/\/www.grandraid-cathares.fr\/index.php\/qui-sommes-nous\/#primaryimage","url":"https:\/\/dwb-solutions.com\/GRC\/wp-content\/uploads\/2024\/02\/MG_3773-scaled.jpg","contentUrl":"https:\/\/dwb-solutions.com\/GRC\/wp-content\/uploads\/2024\/02\/MG_3773-scaled.jpg"},{"@type":"BreadcrumbList","@id":"https:\/\/www.grandraid-cathares.fr\/index.php\/qui-sommes-nous\/#breadcrumb","itemListElement":[{"@type":"ListItem","position":1,"name":"Accueil","item":"https:\/\/www.grandraid-cathares.fr\/"},{"@type":"ListItem","position":2,"name":"QUI-SOMMES-NOUS ?"}]},{"@type":"WebSite","@id":"https:\/\/www.grandraid-cathares.fr\/#website","url":"https:\/\/www.grandraid-cathares.fr\/","name":"Grand Raid des Cathares","description":"","publisher":{"@id":"https:\/\/www.grandraid-cathares.fr\/#organization"},"potentialAction":[{"@type":"SearchAction","target":{"@type":"EntryPoint","urlTemplate":"https:\/\/www.grandraid-cathares.fr\/?s={search_term_string}"},"query-input":{"@type":"PropertyValueSpecification","valueRequired":true,"valueName":"search_term_string"}}],"inLanguage":"fr-FR"},{"@type":"Organization","@id":"https:\/\/www.grandraid-cathares.fr\/#organization","name":"Grand Raid des Cathares","url":"https:\/\/www.grandraid-cathares.fr\/","logo":{"@type":"ImageObject","inLanguage":"fr-FR","@id":"https:\/\/www.grandraid-cathares.fr\/#\/schema\/logo\/image\/","url":"https:\/\/www.grandraid-cathares.fr\/wp-content\/uploads\/2022\/12\/LOGO-GRC-noire-pour-site-.png","contentUrl":"https:\/\/www.grandraid-cathares.fr\/wp-content\/uploads\/2022\/12\/LOGO-GRC-noire-pour-site-.png","width":152,"height":150,"caption":"Grand Raid des Cathares"},"image":{"@id":"https:\/\/www.grandraid-cathares.fr\/#\/schema\/logo\/image\/"}}]}},"jetpack_sharing_enabled":true,"_links":{"self":[{"href":"https:\/\/www.grandraid-cathares.fr\/index.php\/wp-json\/wp\/v2\/pages\/2515","targetHints":{"allow":["GET"]}}],"collection":[{"href":"https:\/\/www.grandraid-cathares.fr\/index.php\/wp-json\/wp\/v2\/pages"}],"about":[{"href":"https:\/\/www.grandraid-cathares.fr\/index.php\/wp-json\/wp\/v2\/types\/page"}],"author":[{"embeddable":true,"href":"https:\/\/www.grandraid-cathares.fr\/index.php\/wp-json\/wp\/v2\/users\/2"}],"replies":[{"embeddable":true,"href":"https:\/\/www.grandraid-cathares.fr\/index.php\/wp-json\/wp\/v2\/comments?post=2515"}],"version-history":[{"count":17,"href":"https:\/\/www.grandraid-cathares.fr\/index.php\/wp-json\/wp\/v2\/pages\/2515\/revisions"}],"predecessor-version":[{"id":4049,"href":"https:\/\/www.grandraid-cathares.fr\/index.php\/wp-json\/wp\/v2\/pages\/2515\/revisions\/4049"}],"wp:attachment":[{"href":"https:\/\/www.grandraid-cathares.fr\/index.php\/wp-json\/wp\/v2\/media?parent=2515"}],"curies":[{"name":"wp","href":"https:\/\/api.w.org\/{rel}","templated":true}]}}